hundreds digit of p?
8
Let s = 73 - 73. Suppose s = -9*b + 12*b. Suppose 3*i - 4*i + 4*c = -145, b = -i + 5*c + 147. What is the units digit of i?
7
Suppose 0 = -44*v - 39*v + 1108275 + 188185. What is the tens digit of v?
2
Let o be (-4 + 0)/((-3)/((-6)/(-4))). Suppose 6*v = 5*a + o*v + 345, v - 265 = 4*a. What is the tens digit of 1/(-6) - -50*a/(-60)?
5
Let k be -7 + 0 + (-3 - (-9 + 6)). Let u = -1 - k. What is the tens digit of (-3)/u - 644/(-8)?
8
Let t(f) = -6*f**2 - 4*f + 4. Let u(d) = -d**3 - d**2 + d + 5. Let y be u(0). Let s(g) = -1. Let v(c) = y*s(c) - t(c). What is the hundreds digit of v(-5)?
1
Suppose 9*u - 19563 - 58582 = -7846. What is the tens digit of u?
1
Suppose -2*s + 29821 = 2*m - 22397, -78376 = -3*s + 4*m. What is the tens digit of s?
1
Let v(w) = -6 + 13 + w - 6. Let z be v(-3). Let m(q) = -30*q + 4. What is the tens digit of m(z)?
6
Let j(u) = 48*u + 987. What is the tens digit of j(9)?
1
Let b(g) = g**3 - 34*g**2 + 33*g + 113. Let d be b(33). Suppose -1674 = -122*m + d*m. What is the tens digit of m?
8
Suppose -7759 = 3*f + 4*g - 63411, 0 = f - 3*g - 18555. What is the hundreds digit of f?
5
Let p = 11682 - -26653. What is the ten thousands digit of p?
3
Let s(u) = 191*u + 3161. What is the thousands digit of s(81)?
8
Suppose 17614 = 2*k - i, -38*k - i - 8808 = -39*k. What is the tens digit of k?
0
Let o(w) be the first derivative of w**3/3 - 9*w**2 + 7*w - 2. Suppose -4*y + 2*n - 4 = -74, -3*y + 51 = -3*n. What is the units digit of o(y)?
7
Suppose 0 = 43*o - 156481 + 81812 - 660803. What is the hundreds digit of o?
1
Suppose 3*r = -2*j + 16972, 2131*j - 2129*j - 22626 = -4*r. What is the thousands digit of r?
5
Let g be 5/((-2 + (4 - 3))/1). Let u(s) = -112*s - 221. What is the hundreds digit of u(g)?
3
Suppose 0 = 4*n + a - 6*a + 290, -2*a + 71 = -n. Let m = n - -127. Suppose o + 156 = 4*o + 5*l, o = -4*l + m. What is the units digit of o?
2
Let q(m) = -m + 5. Let c be q(1). Suppose 4*j + c*h - 1584 = 0, -2*h + 7 = -1. What is the tens digit of j?
9
Suppose -3*m + 26 = 2*l - 0*m, l - 19 = -3*m. Suppose 11*t = l*t. Suppose t = -2*f + 93 + 75. What is the units digit of f?
4
Let u(x) = -270*x - 535. Let t be u(-2). Let q = 313 + -157. Suppose -t*n + 2*z + 282 = -n, 2*n = -2*z + q. What is the tens digit of n?
7
Let n = -202 + 291. Suppose -13*x + 12*x - 3*z = -261, -2*z + 2 = 0. Let g = x - n. What is the tens digit of g?
6
Let f = 44609 - 24024. What is the hundreds digit of f?
5
Suppose -p = 3424 - 15092. What is the units digit of p?
8
Suppose 6 + 6 = 4*q. Let w be q/(12/16) + (2 - 3). Suppose -w*v + 13*v = 1630. What is the tens digit of v?
6
Let y be 0/(-1 + -3) - (-42000 + 0). Suppose 13*c - 55*c = -y. What is the thousands digit of c?
1
Let x(m) = -m**3 + 5*m**2 + 6*m. Let r be x(6). Suppose r = 28*g - 15*g - 2158. What is the tens digit of g?
6
Suppose -z + 5 = -0*z + 3*j, -5*j - 32 = -2*z. Suppose -z*m = -7*m - 1496. What is the tens digit of m?
7
Let h be 4 - 0*((-3)/3)/2. Suppose h*w - 2110 = 3*q + 2439, -5*w + 5660 = 5*q. What is the tens digit of w?
3
Let a = -1857 - -5479. What is the units digit of a?
2
Let x(w) = -2140*w + 671. What is the hundreds digit of x(-17)?
0
Suppose -9*p = -32*p + 47104. What is the hundreds digit of p?
0
Let p(b) = -35*b - 7. Let x(r) = -1. Let j be (1/3*4)/((-10)/(-45)). Let g(t) = j*x(t) + p(t). What is the units digit of g(-5)?
2
Let s(r) = -6*r - 47. Let n(f) = -f**2 + 18*f - 1. Let x be n(4). Let h = -69 + x. What is the units digit of s(h)?
7
What is the thousands digit of 702/(-156)*43348/(-9)?
1
Let g(v) = 41*v - 53. Let d be g(4). Suppose -107*i - 1820 = -d*i. What is the hundreds digit of i?
4
What is the hundreds digit of 2/3 - (5620706/(-42))/13?
2
Let p = -664 - -410. Let u = -33 + p. Let k = -61 - u. What is the tens digit of k?
2
Let y be (-2)/7 + (-4 - (-220)/35). Suppose 0 = -5*o - 4*q + 30, y*o + 5*q - 11 = 1. Suppose 3*k = -o + 141. What is the units digit of k?
5
What is the thousands digit of 2/(-13) + (-57519504)/(-2808)?
0
What is the tens digit of 21908 + (-28)/(700/225)?
9
Suppose 5*r - 56830 = 5*i, -102270 = -9*r + 7*i - 2*i. What is the ten thousands digit of r?
1
Suppose 18*h = 15*h - 3, 77714 = 3*v + 4*h. What is the units digit of v?
6
Suppose -3*t = -5*u + 43021, -4*u + 142*t - 144*t + 34430 = 0. What is the thousands digit of u?
8
Suppose 87*u - 86*u = 1465. Suppose 27*m - 4*g = 29*m - 980, u = 3*m + g. What is the tens digit of m?
8
What is the units digit of ((-4896)/80 + -24)/(2/(-30))?
8
Let p = -973 + 4976. What is the units digit of p?
3
Let y(v) = -3*v**2 + 27*v + 15. Let r(u) = -3*u**2 + 28*u + 13. Let c(i) = 2*r(i) - 3*y(i). What is the hundreds digit of c(-10)?
5
Let a = -11506 - -19493. What is the units digit of a?
7
Suppose 2*n = -g + 92719, 10*n - 16*n - 4*g = -278160. What is the thousands digit of n?
6
Let u(h) be the first derivative of -5/3*h**3 - 1 + 9*h - 1/4*h**4 + 21/2*h**2. What is the hundreds digit of u(-9)?
1
Suppose 886*i - 775*i - 661449 = 0. What is the units digit of i?
9
Suppose -h + 43 = 4*v - 136, 0 = v + 2*h - 43. Let i be -17 - -12 - (v - 0). Let w = i + 74. What is the units digit of w?
4
Let q be 20/(-12) + 2*(-7)/42. What is the hundreds digit of 1709 - (-19 + 7)/q?
7
Let y = 29982 - -12130. What is the hundreds digit of y?
1
What is the ten thousands digit of 10 + -3 + 2*1*(-2973672)/(-144)?
4
Let m = 3275 - 1899. Let g = -731 + m. Suppose -g = -7*w - 120. What is the tens digit of w?
7
Let u = -38 - -47. Let s be -2 - ((-72)/u + (-4)/(-2)). Suppose -s*z - 4*p = -300, -z - 4*z = 2*p - 381. What is the units digit of z?
7
Suppose -45 = -21*c + 18. Suppose 2*d = i - c*d - 156, 0 = 4*d. What is the units digit of i?
6
Suppose 5*p + x + 32 = -0*x, -5*p = -2*x + 41. Let h be (p - -565)*((-4)/6)/(-1). Suppose 0*v + 3*v - h = 0. What is the tens digit of v?
2
Suppose -2*c - 2*c = 68. Suppose -6*k = -5*k - 5*g + 56, 3*k + 5*g = -128. Let y = c - k. What is the tens digit of y?
2
Suppose 3 = 6*o - 9. Let v be 50/8 + -1 + o/(-8). Suppose 4*r = -n + 563, n = -v*r + 3*r + 281. What is the tens digit of r?
4
Let y = 6073 + -3692. What is the thousands digit of y?
2
Suppose -3*o - 3629 = 2*g, -3*o - 4*g - 437 = 3188. Let d = o - -1706. What is the hundreds digit of d?
4
Suppose -2*a - 4*b = -18684, 0 = 3*b - 18 + 30. What is the tens digit of a?
5
Suppose -4*h = 5 + 39. Let q be (-2 + 3)/(h/(-352)). Suppose -g + q = c, -g - 2*g = 2*c - 91. What is the units digit of g?
7
Let r = 5344 + -1018. Suppose 0 = 5*b + 2*g - r, 5*b - g = 3691 + 641. What is the hundreds digit of b?
8
Let l be 27/(-36) + 9/(-4) - 143. Let j = l + 142. What is the tens digit of (-15)/(209/(-660) + (-1)/j)?
2
Suppose 2366 + 12980 = m + 3*d, 3*m = 3*d + 45978. What is the units digit of m?
1
Suppose 152639 = d + 7*d - p, 3*d - 57235 = 5*p. What is the thousands digit of d?
9
Let s(j) = j**2 + 24*j + 54. Let l be s(-22). Let c = 69 + l. Let v = 80 + c. What is the units digit of v?
9
Let o be (-2 - (-3 - -7))*656/(-6). What is the hundreds digit of (o/12)/(3/18)?
3
Let t = -37 + 49. Let u(x) = 10*x + 5. Let a be u(t). Suppose a + 145 = 3*g. What is the tens digit of g?
9
What is the thousands digit of ((-1471824)/(-288))/((-2)/4 + 1)?
0
Suppose 17*m + 23334 = 134038. What is the tens digit of m?
1
Let a(b) be the third derivative of -b**5/20 - 5*b**4/8 + b**3/3 + 18*b**2. Let f be a(-5). Let y = 77 - f. What is the tens digit of y?
7
Suppose -3*a + 9877 = 28*v - 23*v, 2*a - 6586 = -2*v. What is the thousands digit of a?
3
Suppose 19369 = 2*v - 3*j, -3*v + 19516 + 9555 = -j. What is the tens digit of v?
9
Suppose 3*t - 181 = -49. Suppose 0 = -t*z + 38*z + 72. What is the tens digit of 80 - 4/(z/9)?
7
What is the ten thousands digit of (38/4)/((-6)/(-12804))?
2
Let p be (1 + -3)*(5 - (-294)/(-12)). Let q = p - 38. What is the tens digit of 3 + 54 + (1/q - 1)?
5
Let m = -745 + 748. Suppose 3*b - 132*t + 136*t = 1795, -m*b + 2*t + 1789 = 0. What is the tens digit of b?
9
What is the thousands digit of 11 - 230/20 - 72730/(-4) - 6?
8
Let v(m) = 7*m**3 - 27*m**3 + 7*m**2 + 17*m**3 - 20 + 2*m**3 + 4*m. What is the units digit of v(6)?
0
Let l(v) = 26*v**2 - 20*v**2 - 7 + 6 + v. Let t be l(1). Suppose 1449 = t*q + 237. What is the tens digit of q?
0
L